et s be r(25). Let l(b) = -b**3 + b**2 + 9*b + 4. Determine l(s).
13
Let l(r) = 30*r**2 - 17*r - 31*r**2 - 2*r - 14. Suppose -5*w - 91 = -q, -2*w - 3*q + 48 = 81. Calculate l(w).
4
Let u(j) be the third derivative of 67*j**2 + 0*j + 1/3*j**4 + 0 + 0*j**3. Calculate u(-2).
-16
Let d(i) be the third derivative of i**6/120 - i**5/60 + i**4/24 - i**3/2 + 519*i**2. What is d(-3)?
-42
Let y(j) = -j**3 + 199*j**2 - 4378*j + 4861. Let k be y(174). Let c(x) be the third derivative of x**5/60 + 11*x**4/24 + x**3/6 - x**2. Calculate c(k).
1
Let v be (-48)/(-21) + 2/(-7). Suppose t - h = h + 17, 2*t + v*h = 16. Let l(r) = -6*r + 15*r - 7*r**2 - r**3 - t + 14. What is l(-8)?
-5
Let g = -147 - -143. Let h be (-15)/(-13) - 0 - g/(-26). Let f(j) = -2*j**2 + j - 1. Calculate f(h).
-2
Let r = 203601 - 203613. Let s(k) = -2*k + 8 - k + 4*k. Calculate s(r).
-4
Let t(y) be the second derivative of -y**5/20 - y**4/3 - 5*y**3/6 - 5*y**2 - 2*y. Let h be ((-32)/20 + 1)*2085/417. Determine t(h).
-4
Let r(t) = 113*t. Let k(u) = -330*u. Let f(i) = k(i) + 3*r(i). Let y(z) = -2*z + 1. Let o be y(1). Calculate f(o).
-9
Suppose 12 = 3*z, -5*q + 47*z = 44*z + 22. Let p(w) = -4*w**3 - 2*w**2 - 3*w - 3. Calculate p(q).
27
Let u(y) = -y**3 + 15*y**2 - 13*y - 20. Let q be 39567/2834 + 2/52. Determine u(q).
-6
Let s(t) = -t**2 + t + 7. Suppose 165*u = 162*u. Give s(u).
7
Let c = 16 + -11. Let o(u) be the second derivative of -u**4/12 + 13*u**3/6 - 2*u**2 + 2900*u. Determine o(c).
36
Let s(y) be the third derivative of -y**5/60 + 3*y**4/8 - 2*y**3 - 15*y**2. Let a be s(7). Let x(g) = -2*g - 1 - a + 2*g - 2*g. Give x(3).
-9
Let u = 25 - -17. Let r be (-3)/(99/(-6)) - u/(-11). Suppose -4*z - 38 = 2*c - 0*c, 11 = c - r*z. Let q(i) = -i**2 - 8*i + 10. Give q(c).
1
Let z(d) = 4*d**2 + 4*d - 5. Let n(w) = -12*w**2 - 11*w + 14. Let y(g) = -g**3 + 5*g**2 + 25. Let q be y(6). Let u(b) = q*z(b) - 4*n(b). What is u(-1)?
3
Let c(h) = h**3 + 7*h**2 + 7*h - 2. Let v(j) = -5*j**2 - 18*j + 3. Let g(i) = i**2 + 4*i - 64. Let l be g(6). Let b be v(l). Give c(b).
13
Let p(r) be the second derivative of 0 - 1/2*r**2 - 12*r - 1/2*r**3. Let z be -10 + 9 + (-1 - -1). What is p(z)?
2
Let t(i) = -i**3 - 21*i + 2*i**2 - 4*i - i + 21 + 22*i - i. What is t(4)?
-31
Suppose 21*t + 4 = 17*t. Suppose 0 = x - 5*h - 14, 0 = -4*x - 0*h - 4*h + 32. Let y(c) = -3 + x*c**2 - 1 + 5 + 7*c - 6*c. Calculate y(t).
9
Let x(v) = -9*v**2 - 9*v - 111. Let i(t) = -11*t**2 - 10*t - 111. Let c(a) = 5*i(a) - 6*x(a). What is c(12)?
15
Let n(x) = x**2 - 11*x - 15. Let c(m) = m**3 + 52*m**2 - 226*m - 100. Let g be c(-56). What is n(g)?
-3
Let a(o) = o**2 + 17*o - 19. Let b be a(-15). Let i = b + 52. Suppose -2*c + 9 = i. Let p(u) = 2*u**3 - 4*u**2 - u + 4. Determine p(c).
19
Let t(i) = i**3 + 3*i**2 - i + 31. Let w = 19460 + -19465. Calculate t(w).
-14
Let a(t) = -38*t - 36*t - 10 - t**2 - 39*t - 28*t - t**3 + 151*t. Give a(1).
-2
Let u(f) = 3*f**3 + 2*f**2 - f. Let p(h) = h**3 + 2*h**2 - h - 1. Let l(s) = 5*p(s) - 2*u(s). Suppose 7*y + 2*i = 6*y + 12, 0 = -4*y - 2*i + 30. Determine l(y).
-23
Let g(b) = 3*b - 21. Let z(c) = -2*c + 21. Let j(m) = 3*g(m) + 4*z(m). Let h be j(-15). Suppose h*y - 2*y = -8. Let i(x) = 2*x**3 + 3*x**2 - 1. What is i(y)?
-5
Let f(y) = -12*y**2 + 14*y + 29. Let a(t) = 7*t**2 - 9*t - 15. Let g(l) = -7*a(l) - 4*f(l). Determine g(2).
-1
Let f(u) = 2*u - 15 + 0*u + 26 - 12 + 21. Calculate f(-7).
6
Let v(q) = 2*q**2 + 3*q - 4. Let n = -3623 - -3619. Determine v(n).
16
Suppose -4*b + b + 15 = 0. Suppose 4*n - 2 = 2*j + 3*j, b*n = 3*j + 9. Let z(i) = -n + 1 - i**3 + i**2 - 18*i - 22*i + 43*i. What is z(2)?
0
Let j(z) = 15*z + 26. Let l(q) = 7*q + 4. Let t(m) = -2. Let w(x) = l(x) - 4*t(x). Let f(i) = 6*j(i) - 13*w(i). Let d = -21 + 15. Give f(d).
6
Suppose i - 5*a + 8 = 0, -5*a + 2*a = i - 24. Let q(n) = 69*n**2 + 68*n**2 - i - 136*n**2. Determine q(0).
-12
Let z(k) = -k**3 - 2*k**2 - 2*k + 15. Let m(p) = 2*p**3 + p**2 + 2*p + 3. Let f(h) = m(h) + z(h). Give f(0).
18
Let b(x) = x**3 + 17*x**2 - 16*x + 58. Let o = 10281 + -10299. What is b(o)?
22
Let q = 634 - 614. Let o(h) = 2*h - 35. Calculate o(q).
5
Suppose 114*l = 14*l + 400. Let f(d) = -d**2 - 40*d + 174. What is f(l)?
-2
Let l(m) be the third derivative of m**5/60 + 5*m**4/12 - 41*m**3/6 + 809*m**2. Give l(-13).
-2
Let c = 8136 - 8133. Let p(k) be the first derivative of 3*k**2 - 5*k - 3 - 1/3*k**c. Give p(5).
0
Let g(a) = -5*a**2 + 13*a + 103. Let b(i) = i**2 - 11. Let c(f) = 6*b(f) + g(f). Give c(-5).
-3
Let s = 429 - 670. Let p = s - -245. Let k(v) = -3*v - 2. Give k(p).
-14
Suppose 0*p + 3*p + 48 = 0. Let u be 98/(-42) - (-1)/(3/(-2)). Let t be p*4/(48/u). Let l(d) = d + 1. Give l(t).
5
Suppose 0 = 56*a + 69*a + 29*a - 924. Let b(y) = -25*y + 142. Calculate b(a).
-8
Let r(n) = 198*n + 78. Let d(c) = -727*c - 312. Let p(x) = 3*d(x) + 11*r(x). What is p(-13)?
-39
Suppose 67*l = -5*j + 69*l + 30, 0 = -2*j - 4*l + 36. Let p be (-14)/(-4)*(-10 + j). Let c(k) = -k**3 - 9*k**2 - 12*k + 6. Determine c(p).
-8
Let v(q) = -q**3 + 9*q**2 - 11*q. Suppose 412 = 16*c - 4916. Let w = c + -325. What is v(w)?
-24
Let l = 4 - 4. Let z be -10 + (-473)/(-44) + ((-529)/(-4) - -4). Let w(j) = -2*j**2 + l - z*j**3 + 71*j**3 + 69*j**3 - 2. Determine w(2).
14
Let c(r) be the third derivative of -19*r**4/12 - 51*r**3 - 171*r**2. Let q be c(-8). Let z(b) = 3*b**2 - 2*b**2 - 2 - 2*b + 1 + 3*b**3. Calculate z(q).
-17
Let a(p) = 1 - 2 - 1 + p. Let q be (387/12)/(7 + 174/(-24)). Let m = q + 129. Give a(m).
-2
Let x = -3771 - -3767. Let p(z) = -3*z - 14. Give p(x).
-2
Let o(u) = 56 + 42 + 11 + 1 + 5 + 5*u. Calculate o(-24).
-5
Let o(n) = -259*n - 770. Suppose 0 = 2*v + 5*a + 11, -485 + 471 = 4*v + 2*a. What is o(v)?
7
Suppose 3*u = 4*o + 3, 3*u - 40 + 37 = -2*o. Let a(k) = 5*k**2 + 7*k - 7. What is a(u)?
5
Suppose 3*w - 4*b - 4 = 0, b + 17 = 4*w - 2*b. Suppose 4*v = -w, 62*q + v = 61*q + 1. Let x(z) = -7*z + 7. What is x(q)?
-14
Let h(f) = -11*f**3 + 46*f**2 + 134*f + 47. Let r(w) = 15*w**3 - 61*w**2 - 182*w - 63. Let o(c) = 11*h(c) + 8*r(c). Give o(19).
-6
Suppose -372 + 340 = 16*t. Let c(b) = -64*b - 5. What is c(t)?
123
Let r(z) be the second derivative of 10*z**3/3 - 5*z**2/2 + 1852*z. Give r(2).
35
Let x = 7 - 3. Let u(c) = -5*c**3 + 3*c**2 + c. Let k(q) = -11*q**3 + 11*q**2 - 3*q - 2. Let s(y) = k(y) - 2*u(y). Give s(x).
-6
Suppose -p + 15 = -o, 5*p - 3*p = -5*o + 9. Let q be (-1 + 17)*18/p. Let f(n) = 0*n - q + 27 + n - n**2. What is f(-3)?
-9
Let d(w) = 17*w - 1. Let v be (4 - 7)*(1 - 0). Let u be -3*(-1 + v/(-9)). Suppose 9*l - u = 7*l. What is d(l)?
16
Suppose -5*l - 2*o + 15 = 0, -5*l = -3*o - 16 + 1. Suppose -836 = -86*k + 6*k - 129*k. Let j(a) = -a + 2*a**2 - 3 - 3*a**l + k*a**3 - a. Determine j(-2).
1
Let d(p) = -p - 7. Let v(o) be the second derivative of 3*o**2/2 + 2*o - 10. Let t(k) = -2*d(k) - 5*v(k). Suppose -2*s + s - 1 = 0. Determine t(s).
-3
Let r = 12 - 54. Let d = r - -44. Let l(a) = 6 - 4 + 5 - a**d - 3 - 3*a. Give l(-5).
-6
Let y = -4606 - -4595. Let i(s) = -s**3 - 10*s**2 + 12*s - 2. What is i(y)?
-13
Let n be ((-36)/(-8))/(1/2). Suppose 15 = -3*x - n. Let t(h) = 72*h - 2 + 77*h - 6 + 80*h + 88*h - 318*h. Calculate t(x).
0
Let m(q) = 5*q - 5. Let y(r) = 14*r - 14. Let j(l) = 11*m(l) - 4*y(l). Suppose 137*z - 135*z = -218. Let i = z + 113. Determine j(i).
-3
Let p(v) = 78*v + 154. Let q = 30930 - 30932. Calculate p(q).
-2
Let x(l) = 0 + l**3 + 1 - 9 + 8*l**2 - 7*l - 3*l**2. Let o = 197 + -203. What is x(o)?
-2
Let p(h) be the third derivative of h**8/20160 - h**7/420 + h**6/80 - h**5/30 + 7*h**3/6 - 105*h**2. Let f(l) be the third derivative of p(l). What is f(11)?
-2
Let b(f) = 20*f**2 + 656 - 51*f - 1127 - f**3 + 472. Calculate b(17).
1
Let x(m) = 2*m**2 + 19*m + 53. Let z be -3 - 54/(-36)*-2. What is x(z)?
11
Let i = 3 - 6. Let b(o) = -12*o + 186. Let w(c) = 35*c - 527. Let h(g) = -17*b(g) - 6*w(g). What is h(i)?
18
Let d(n) = -2*n**3 - 37*n**2 - 49*n - 564. Let z be -1*((-8 - -7) + 10 + 9). What is d(z)?
-6
Suppose -5*g - 4 = 11, 5 = -2*l - 5*g. Suppose 2*j - l*z = -3 - 7, 4*j = z - 20. Let d(b) = -b**3 - 6*b**2 - 8*b - 9. Determine d(j).
6
Suppose 0 = -3*h + 7 + 53. Suppose -5*r - h = -r. Let l(n) be the second derivative of n**3/3 + 2*n**2 + n - 25. De